 46*s + 19. Determine q(47).
-28
Let p(m) = 171*m - 455. Determine p(5).
400
Let c(u) = 43*u + 637. Give c(-19).
-180
Let h(y) = y**2 - 209*y - 1505. Calculate h(-7).
7
Let l(a) = a**3 - 20*a**2 - 110*a - 316. Determine l(25).
59
Let m(z) = -z**2 - 50*z - 594. Calculate m(-41).
-225
Let q(z) = 6*z**3 + 231*z**2 - 117*z - 12. Give q(-39).
-12
Let h(p) = -p**3 + 10*p**2 - 10*p - 11. Determine h(9).
-20
Let c(d) = 188*d + 5618. Give c(-30).
-22
Let z(s) = -2*s**2 + 393*s + 1993. Give z(-5).
-22
Let q(k) = -28*k**2 - 1177*k + 185. What is q(-42)?
227
Let j(l) = -l**3 - 16*l**2 + 222*l - 77. What is j(-25)?
-2
Let p(s) = 219*s - 437. Determine p(2).
1
Let a(p) = 116*p - 4620. Calculate a(40).
20
Let t(w) = -48*w - 112. Calculate t(-7).
224
Let q(w) = -39*w + 5. What is q(0)?
5
Let k(f) = -115*f - 2076. Calculate k(-18).
-6
Let g(u) = -3*u**3 + 56*u**2 + 29*u - 191. Calculate g(19).
-1
Let c(w) = -2*w**3 - 62*w**2 - 4*w - 123. Give c(-31).
1
Let g(k) = -3*k**2 - 29*k - 38. Give g(-9).
-20
Let v(a) = a**3 - 47*a**2 + 89*a + 103. Calculate v(45).
58
Let f(y) = y**3 + 45*y**2 + 199*y - 47. Calculate f(-40).
-7
Let y(h) = -222*h - 3318. What is y(-15)?
12
Let q(g) = -g**2 - 1279*g - 13. What is q(0)?
-13
Let k(u) = -69*u**2 - 3*u - 2. Calculate k(1).
-74
Let a(u) = -2*u**3 + 78*u**2 + 79*u + 40. What is a(40)?
0
Let z(i) = 284*i - 5111. What is z(18)?
1
Let u(l) = l**3 + 56*l**2 - 59*l - 10. What is u(-57)?
104
Let t(m) = 173*m**3 - m**2 + 5*m - 5. What is t(1)?
172
Let y(p) = -p**3 + 11*p**2 + 14*p - 151. Determine y(11).
3
Let b(v) = -5*v**2 + 86*v - 2. Calculate b(7).
355
Let s(z) = 2*z**3 - 116*z**2 + 112*z + 129. Give s(57).
15
Let p(f) = 97*f**2 + 389*f - 9. Give p(-4).
-13
Let f(n) = -n**2 - 47*n - 589. Determine f(-18).
-67
Let o(j) = 259*j + 5432. Determine o(-21).
-7
Let g(y) = 95*y - 664. Calculate g(7).
1
Let g(l) = -2*l**3 + 53*l**2 + 37*l - 286. Determine g(27).
-16
Let c(v) = -23*v**2 - 9. What is c(3)?
-216
Let v(q) = 7*q**3 - 3*q**2 + 11*q - 12. Determine v(3).
183
Let c(m) = -237*m - 1897. Determine c(-8).
-1
Let r(i) = 3617*i + 32552. Calculate r(-9).
-1
Let u(f) = 2*f**3 + 3*f**2 - 71*f + 266. Calculate u(4).
158
Let s(y) = y**2 + 118*y - 487. Determine s(4).
1
Let a(v) = -88*v + 5388. Calculate a(61).
20
Let c(w) = w**2 - 108*w - 765. Determine c(113).
-200
Let u(b) = -b**3 - 18*b**2 + 5*b + 79. Calculate u(-18).
-11
Let h(g) = -g**3 - 11*g**2 - 26*g + 1. What is h(-6)?
-23
Let a(r) = -3*r**2 + 14*r + 6719. Give a(-45).
14
Let d(w) = 3*w**2 - 110*w - 1324. Calculate d(46).
-36
Let i(x) = -2*x**3 - x**2 + 5*x - 2. Calculate i(-2).
0
Let q(k) = -65*k**2 - 6760*k - 7. What is q(-104)?
-7
Let n(x) = -6*x**2 + 109*x - 436. Give n(13).
-33
Let n(k) = 28*k + 57. Calculate n(-2).
1
Let f(z) = 2*z**3 + 18*z**2 - 29*z - 165. Give f(-9).
96
Let r(v) = v**3 - 7*v**2 - 34*v - 24. Determine r(10).
-64
Let j(o) = -7*o**2 - 4*o - 59. What is j(-6)?
-287
Let s(r) = 215*r + 1126. Calculate s(-7).
-379
Let r(w) = 1297*w + 9104. Calculate r(-7).
25
Let b(a) = -78*a + 998. Determine b(13).
-16
Let c(u) = -u**3 + 75*u**2 + 945*u + 85. Give c(86).
-1
Let p(s) = -34*s**2 + 2178*s - 127. Calculate p(64).
1
Let s(k) = -k**3 - 75*k**2 + k + 97. Calculate s(-75).
22
Let f(s) = -69*s + 753. Give f(11).
-6
Let q(b) = -3*b**3 + 15*b**2 + 12*b - 10. Give q(6).
-46
Let d(j) = 5*j**3 - 13*j**2 + 11*j - 14. Calculate d(3).
37
Let v(u) = -u**3 - 10*u**2 - 15*u + 47. Calculate v(-9).
101
Let q(t) = -131*t - 6. Calculate q(0).
-6
Let r(h) = 4*h**2 - 39*h - 58. Determine r(4).
-150
Let n(y) = 4*y**3 - 42*y**2 + 49*y + 49. Determine n(9).
4
Let h(l) = -26*l**2 + 8*l + 26. What is h(-5)?
-664
Let z(a) = 3*a**2 + 18619*a - 55870. Determine z(3).
14
Let c(u) = u**2 + 21*u - 271. What is c(-30)?
-1
Let n(k) = k**2 + 170*k + 5289. Give n(-41).
0
Let a(y) = -y**2 + 327*y + 2683. Determine a(-8).
3
Let v(m) = 4*m**3 - 11*m - 28. Calculate v(-5).
-473
Let x(z) = 14*z**3 + 31*z**2 - 38*z + 2. Determine x(1).
9
Let u(s) = 7*s**2 + 58*s - 52. Calculate u(-9).
-7
Let w(v) = v**3 - 8*v**2 + 88*v - 337. Calculate w(4).
-49
Let x(y) = -y**2 + 33*y - 272. Give x(23).
-42
Let j(z) = -z**3 + 6*z**2 - 514*z + 4294. What is j(8)?
54
Let v(o) = -o**3 - 10*o**2 + 11*o - 11. Determine v(1).
-11
Let r(t) = -38*t - 334. What is r(-9)?
8
Let b(c) = -c**3 + 6*c**2 + 111*c - 478. What is b(4)?
-2
Let i(h) = 21*h + 855. What is i(-41)?
-6
Let x(v) = -278*v + 92. Give x(2).
-464
Let g(f) = -f**3 + 13*f + 55. Calculate g(-4).
67
Let f(u) = u**2 - 81*u + 1288. What is f(13)?
404
Let x(l) = 25*l**3 - 2*l**2 + 4*l + 1. What is x(2)?
201
Let a(h) = -719*h + 2881. Give a(4).
5
Let i(j) = -6*j + 181. What is i(-25)?
331
Let y(l) = -l**3 + 23. What is y(0)?
23
Let h(t) = t**3 - 16*t**2 + 16*t + 46. Calculate h(15).
61
Let n(v) = v**2 + 12*v - 17. Give n(-6).
-53
Let t(r) = 3*r**2 - 23*r + 11. What is t(15)?
341
Let o(v) = -22*v**3 + 11*v**2 + 2*v - 27. Calculate o(-3).
660
Let i(u) = u**3 + 35*u**2 + 212*u - 110. What is i(-27)?
-2
Let x(z) = -11*z + 21. Determine x(11).
-100
Let d(l) = 2*l**3 + 2*l**2 + 49. Calculate d(0).
49
Let g(v) = -v**3 + 57*v**2 - 391*v - 80. Give g(49).
-31
Let w(s) = -s**2 + 3*s + 18. What is w(-13)?
-190
Let g(z) = -267*z + 798. Give g(3).
-3
Let k(a) = 162*a - 156. Calculate k(1).
6
Let y(p) = p**2 + 51*p - 56. What is y(-51)?
-56
Let t(f) = f**3 - 10*f**2 - 31*f + 21. Calculate t(13).
125
Let o(y) = -77*y**3 + 5*y**2 - 4*y. What is o(1)?
-76
Let t(i) = 6255*i - 56304. What is t(9)?
-9
Let m(c) = c**3 + 66*c**2 + 19*c + 1265. Calculate m(-66).
11
Let j(i) = i**3 - 22*i**2 + 61*i - 70. What is j(19)?
6
Let p(q) = 337*q + 1339. What is p(-4)?
-9
Let n(w) = -35477*w - 177387. Determine n(-5).
-2
Let v(b) = -678*b - 1362. Calculate v(-2).
-6
Let p(x) = -x**2 - 7*x + 195. Give p(-17).
25
Let g(y) = y**2 - 541*y + 4789. What is g(9)?
1
Let o(k) = -16*k**2 + 13*k + 119. Give o(-5).
-346
Let a(x) = -565*x - 536. Give a(-1).
29
Let q(a) = -14*a**2 + a + 12. What is q(-2)?
-46
Let u(x) = x**3 - 32*x**2 + 133*x + 259. Give u(27).
205
Let z(u) = 2*u**2 + 22*u - 28. Determine z(-10).
-48
Let l(y) = -20*y**2 + 89*y - 125. What is l(3)?
-38
Let l(q) = 3*q**3 - 9*q**2 - 7*q + 39. What is l(4)?
59
Let c(t) = -3*t**2 - 85*t + 152. Calculate c(-30).
2
Let t(l) = l**3 + 26*l**2 + 49*l + 4. Give t(-24).
-20
Let y(a) = -4*a**2 + 30*a - 11. What is y(7)?
3
Let p(y) = 3*y**3 + 32*y**2 + 19*y - 14. What is p(-10)?
-4
Let l(c) = c**3 + 32*c**2 + 64*c - 98. What is l(-29)?
569
Let d(i) = 81*i + 166. What is d(-2)?
4
Let j(h) = -71*h + 1064. What is j(15)?
-1
Let w(k) = -k**2 - 6*k + 166. Give w(9).
31
Let g(d) = -d**3 - 4*d**2 - 69*d - 810. What is g(-8)?
-2
Let t(c) = 287*c + 27. Determine t(3).
888
Let l(p) = 63*p + 492. Give l(-8).
-12
Let h(r) = -r**3 - 49*r**2 - 572*r - 64. Calculate h(-19).
-26
Let p(y) = 2*y**2 - 14*y - 2. What is p(4)?
-26
Let o(c) = c**3 - 41*c**2 - 637*c + 37. Calculate o(53).
-16
Let d(s) = -s**2 + 209*s - 7611. What is d(47)?
3
Let m(w) = 4*w**3 - 77*w**2 + 33*w - 74. Calculate m(19).
192
Let d(c) = -14644*c - 263591. Calculate d(-18).
1
Let r(z) = -z**2 + 11*z + 861. Calculate r(35).
21
Let t(u) = u**2 - 56*u - 694. Calculate t(65).
-109
Let y(j) = -20*j + 10. Determine y(0).
10
Let q(v) = 2*v**2 + 24*v + 104. What is q(-8)?
40
Let i(q) = -700*q**2 - 6998*q + 23. Give i(-10).
3
Let d(p) = 5*p**2 - 60*p - 219. What is d(-3)?
6
Let h(t) = -6*t**3 - 4*t**2 + 5*t - 7. What is h(3)?
-190
Let w(g) = -g**3 + 24*g**2 - 110*g + 30. Calculate w(18).
-6
Let v(i) = 9*i**2 + 66*i + 24. Calculate v(-8).
72
Let t(c) = 86*c + 16130. Determine t(-187).
48
Let c(z) = -25*z - 2302. Calculate c(-88).
-102
Let u(k) = k**2 + 11*k + 69. Give u(-22).
311
Let q(c) = 8*c**2 + 4*c + 22. Determine q(4).
166
Let m(q) = 224*q + 438. Calculate m(-2).
-10
Let i(t) = -27*t - 77. Calculate i(-2).
-23
Let u(k) = 16*k**3 + 384*k**2 + 6*k + 103. Calculate u(-24).
-41
Let g(j) = j**3 - 9*j**2 + 3*j - 28. Give g(9).
-1
Let b(g) = g**3 + 16*g**2 + 101*g - 58. Calculate b(-12).
-694
Let q(d) = 68*d**2 - 19*d + 9. What is q(3)?
564
Let l(p) = -24*p + 3137. What is l(135)?
-103
Let i(y) = -y**3 + 42*y**2 + 52*y - 12. Determine i(43).
375
Let u(g) = g**3 - 33*g**2 - 115*g + 256. What is u(36)?
4
Let o(c) = 51*c + 44